ppose 0 = -12*g - i + 6. Give s(g).
3
Let o(w) = -146*w - 3 - 4 + 148*w. Suppose -13*n = -11*n - 6. Suppose -2*m - 8 = -3*y, n*y - 9 = 4*y - 3*m. Give o(y).
5
Let s = -1592 - -1591. Let t(w) = -33*w - 31. Give t(s).
2
Let d(p) = 6 + p + 5*p - 2*p - 3*p. Let c be d(-6). Let w(a) = a + 0*a - a**2 + c*a**2 - 2*a + 1. Calculate w(-3).
-5
Let c(g) = 11*g**2 + 2*g + 11. Let s(v) = 14*v**2 + 4*v + 11. Let y(q) = 5*c(q) - 4*s(q). Give y(-8).
-5
Suppose -5*o + 15 = -5*g, 2*g + 5*o = -8 + 23. Suppose 4*x = i + 23, g = -x - i - 17 + 19. Let f(r) = r**3 - 5*r**2 - 1. Determine f(x).
-1
Suppose 7*q = 6*q - 1, 2*q = 2*o + 38. Let w(m) = -3*m - 34. What is w(o)?
26
Let s = -69 + 70. Let w(u) = u**3 - u. Let c(d) = 4*d**3 + 8*d**2 - 9*d + 2. Let x(h) = s*c(h) - 5*w(h). What is x(7)?
23
Suppose 0 = 3*h - 2*z - 1 - 38, 5*h - 65 = 5*z. Suppose -3*c + 6*c = -2*f + 5, -h = -5*c - f. Let u(k) = -2*k + 3. Determine u(c).
-3
Let r(h) = h**2 + 11*h - 239. Let s be r(11). Let a(k) = 3*k**2 - k + 4. Determine a(s).
28
Let q = 563 + -120. Let t = q - 436. Let a(s) = s**2 - 8*s + 3. Give a(t).
-4
Let a(w) = 3877*w - 8 - 1295*w - 1290*w - 2*w**2 + w**3 - 1289*w. Determine a(3).
10
Let f(b) = -b**2 + 129*b + 6. Let v(s) = -2*s**2 + 237*s + 10. Let g(x) = -11*f(x) + 6*v(x). Give g(10).
-76
Let u = 83 + -77. Let b(n) = -3*n**2 - 15*n**2 + 4*n**2 - 2 + n**3 + u*n**2. What is b(8)?
-2
Suppose 3*f - 5*f - 32 = 0. Let n(k) = -17*k**2 + 21 - 16*k - 17*k**3 - 4 + 16*k**3 - 17. Let i be n(f). Let x(w) = w**3 - w + 12. Calculate x(i).
12
Let n(y) = 42*y + 222. Let t be n(-5). Let a(p) be the second derivative of -p**3/3 + 4*p**2 + p + 21. Calculate a(t).
-16
Suppose -12*m + 75 = -7*m. Let y be (18/15)/(6/m). Let v(s) = -7*s**2 - 4*s - 8*s + s**y + 0*s**2 + 4*s. What is v(8)?
0
Let a be -42*5/((-90)/12). Let w(n) = a - 16 + 0*n**2 + n**2 - 12 - 2*n - 4. Calculate w(4).
4
Let s(w) = 7*w - 19. Let x be (-38724)/2268 + (-2)/(-27) + 7. Determine s(x).
-89
Let v(s) be the second derivative of s**5/20 - 4*s**3/3 - 5*s**2 + s + 2575. What is v(-2)?
-2
Let a be 15/5 + 0 + -11. Let c = 96 + -94. Let f(y) = -8*y**2 + 9 + y**c - 9*y + 19*y - y**3. Calculate f(a).
-7
Suppose -5*w - 5 = 0, -l + 4*l - 22 = w. Suppose 338*g - 341*g = -30. Let p(a) = 4 + g - 2890*a + 2889*a. What is p(l)?
7
Let f(a) = 4*a**2 - 1. Let c be -2 + 2/(-8) + 12/(-16). Let y(s) = 2*s - 4*s + 0*s**2 - s**3 - 2*s**2 + 4*s - 4. Let j be y(c). Give f(j).
3
Let v(c) be the third derivative of -c**3 - 1/24*c**4 - 4*c**2 + 0 + 2*c. Give v(-5).
-1
Let x(c) = -c**2 - 10*c + 13. Suppose 0 = 4*t - 109 + 157. Determine x(t).
-11
Let d(s) = s + 11. Let o be d(-9). Suppose -q = o*y, 0 = -3*q + 6*y - y. Let f(u) = 10 + 8 + 8 - 3 + u. Give f(q).
23
Let u(d) = -d**2 - 6*d - 6. Let k(r) = 19*r + 14. Let v be k(-1). Let x be u(v). Let n(c) = 12*c. Determine n(x).
-12
Let t(g) = 294*g + 886. Let n be t(-3). Let c(d) = -d**2 - 5*d + 12. Determine c(n).
-24
Let y(v) = 51 - 63*v - 24 - 12 + 46. Give y(1).
-2
Let i(j) = 3790 - 1896 - 1892 - 13*j - j**2 + j. Let w(q) = -2*q + 11. Let l be w(12). Calculate i(l).
-11
Let v(i) = i - 7. Let m be (4 - 284/(-8))*-2. Let y = 43 + m. Let j = y + 45. Calculate v(j).
2
Let a(w) = -2*w**3 + w**2 + 2*w**2 - w**3 - 4*w**2. Let m = 83 - 79. Suppose 4*v = -m*l - 5 + 1, -l - 6 = -4*v. What is a(v)?
-4
Suppose -4*r - 3*r = -658. Let y = 99 - r. Let j(c) = -2*c**2 + 17*c + 13. Let b(a) = a**2 - 9*a - 7. Let i(d) = -5*b(d) - 3*j(d). What is i(y)?
-9
Let q(d) be the third derivative of d**4/24 + 23*d**3/6 - 9*d**2. Let j be q(-5). Let w = j - 12. Let b(x) = x**2 - 8*x. Determine b(w).
-12
Let l(k) = -7*k - 2. Suppose 12*m - 5*m = -54*m - 549. Give l(m).
61
Let j(g) = 65*g + 6. Let a(w) = -114*w - 12. Let y(k) = 4*a(k) + 7*j(k). Let h(q) = -q**3 + 4*q**2 - q + 1. Let l be h(3). Determine y(l).
-13
Let m = -87 + 86. Let x(v) be the second derivative of -1/4*v**5 - 1/2*v**2 + 0 + 0*v**3 + 1/12*v**4 - 4*v. Give x(m).
5
Let y = -73 + 83. Suppose 12*v + 10 = y*v. Let i(f) be the first derivative of -f**2 - 5. Determine i(v).
10
Suppose 0 = -3*l + 3*z + 54, l - 4*z - 10 = 11. Suppose l*d = 66 + 19. Let s(b) = b**3 - 3*b**2 - 10*b + 4. What is s(d)?
4
Let d(y) be the first derivative of -25*y**3/3 + y**2 - 2205. What is d(1)?
-23
Let z(y) be the first derivative of -200 + 1/4*y**4 + 2*y**2 + 7/3*y**3 - 3*y. Calculate z(-4).
29
Let s(j) = -10 + 381*j + 381*j - 18 + 390*j - 1162*j - j**2. What is s(-6)?
-4
Let c(s) = 5*s**2 + 11*s + 21. Let y(b) = b**2 + 2*b + 4. Let u(h) = 2*c(h) - 11*y(h). Let q(a) = a**3 - 2*a**2. Let i(x) = q(x) - 3*u(x). Give i(0).
6
Let z(w) = -9*w + 61. Let s(f) = 9*f - 50. Let g(h) = 5*s(h) + 4*z(h). Suppose -3*u + u - 6 = 0. Give g(u).
-33
Let n(k) = -k**3 + 227*k - 4*k**2 - 479*k + 255*k. Let i = -1 + 3. Calculate n(i).
-18
Let w(l) be the third derivative of -1/12*l**5 + 3/2*l**3 + 7/24*l**4 - 1/120*l**6 + 0*l + 2*l**2 - 5. Let q(s) = -2*s + 12. Let m be q(9). Give w(m).
3
Let z(c) be the first derivative of -27*c**2/2 + 2*c - 10166. Calculate z(-4).
110
Suppose 4*k - 7 = 3*k. Let j(m) be the third derivative of 13*m**4/24 + m**3/3 - 23*m**2. Let z(a) = -6*a - 1. Let u(y) = k*z(y) + 3*j(y). Calculate u(2).
-7
Let l(a) be the first derivative of 10/3*a**3 - 94 + 1/4*a**4 - 4*a - 1/2*a**2. Give l(-10).
6
Let v = 43 + -25. Let t(r) = 9*r**2 - 7*r - 48. Let z(l) = -11*l**2 + 12*l + 55. Let d(g) = 6*t(g) + 5*z(g). What is d(v)?
-13
Let a(c) = 16480*c - 32985*c + 16480*c + 6 + 2*c**2. Give a(12).
-6
Let m be (-7 + (-203)/(-28))/((-1)/(-4)). Let x(l) = 49*l**3 - l. Give x(m).
48
Let d(k) = 5*k**2 + 5*k - 4. Let o be d(1). Let c(a) = -8*a**2 - 8*a - 4. Let b(z) = -15*z**2 - 16*z - 8. Let h(p) = o*b(p) - 11*c(p). Determine h(-5).
-14
Let u(i) be the second derivative of -i**5/20 + i**4 - 11*i**3/6 - 3*i**2 + 2*i - 31. Let r be (-434)/(-31) + 1*-3. Give u(r).
-6
Let b be (-156 + 157)/(4/7). Let i(l) be the second derivative of 0*l**2 + 23*l - 1/6*l**3 - b*l**4 + 0. Determine i(-1).
-20
Let q(h) = -h**2 + 13*h - 9. Let t be 5 + -2 + (-38)/19. Let i be t/8 - 285/(-24). Calculate q(i).
3
Let b(t) = t**3 + t**2 - 4*t - 3. Suppose 2*w = -5*z + 10, 5*z - 17*w = -15*w - 10. What is b(z)?
-3
Let x(d) be the first derivative of 2*d - 23 + 1/2*d**2. Suppose a + 2 = o - 7, -5*a - 2*o = 10. What is x(a)?
-2
Let w(y) = 0*y + 3*y - 40 - 99*y**2 + 30*y**2 + y**3 - y + 42*y**2. Calculate w(27).
14
Let m(a) = a**2 - 30*a + 85. Let x(r) = r**3 + 11*r**2 + 15*r - 47. Let o be x(-5). What is m(o)?
29
Let d(q) be the first derivative of -q**3/3 - 3*q**2 + 51*q + 3951. Determine d(-11).
-4
Let r be 6*((-8)/3)/(-2). Let t(v) = 6*v - 1152. Let n(a) = -2*a + 430. Let b(h) = 8*n(h) + 3*t(h). Determine b(r).
0
Let h(c) = -5 + 2*c + 2 + 0*c. Let d(o) = -3*o + 12. Let y be d(4). Suppose 2*w - 2*m - 10 = y, 7*w = 2*w - 5*m + 5. Calculate h(w).
3
Let v(l) be the first derivative of l**2 - 3*l**2 + 3*l + 3*l**2 + 1. Let s = -3541 - -3537. Give v(s).
-5
Suppose 4*o - j + 12 = -5, -3*o - j - 11 = 0. Let l(w) be the first derivative of -3*w**2/2 - 9*w - 8921. Determine l(o).
3
Let x = -203 + 199. Let f be ((x - -7) + 1)/(3 - 4). Let v(r) = r. Calculate v(f).
-4
Let o(z) be the first derivative of z**4/4 + 4*z**3/3 + z**2/2 + 4*z - 21. Suppose 20 = -2*a + 7*a. Let r be 1/((-1 - a)/20). Determine o(r).
0
Let k = 182 - 120. Suppose -18*l + 1860 = 16*l - 10. Let q = k - l. Let r(u) = -u + 13. What is r(q)?
6
Let a(m) = 2*m - 38. Let t(z) = z**3 + 7*z**2 + 4*z + 9. Let j be t(-6). Let r be a(j). Let h(c) = -3*c + 5 + 2*c - r*c. Calculate h(4).
-15
Let d(q) be the second derivative of -q**5/20 - 3*q**4/4 - q**3/6 - q**2 - q - 20. Determine d(-6).
-104
Let g(s) = -s**2 - 10*s. Let o(m) = 35*m**2 - 52*m - 1. Let y(f) = 5*g(f) - o(f). Calculate y(-1).
-41
Let d(t) = -2*t + 8. Let u(i) = i - 3. Let w be 12/(-15) + (-1)/5. Let c(z) = w*d(z) - 3*u(z). Determine c(4).
-3
Let k(r) = -22*r - 39 + 152*r**2 - 76*r**2 - 82*r**2 - 4*r. Determine k(-2).
-11
Let v(t) = 4*t**2 + 10*t + 13. Let h(x) = x**2 + 3*x + 4. Let z(i) = -7*h(i) + 2*v(i). Let m be -26*(-180)/(-15600) - (-6)/20. Give z(m).
-2
Let b(w) = 13*w - 7. Let k(j) be the third derivative of 17*j**4/6 - 6*j**3 - 2*j**2 + 25. Let v(p) = 16*b(p) - 3*k(p). What is v(3)?
8
Let b(h) = h**3 + 7*h**2 + 3*h